-4*j - 3*d. Let q be (12/18)/(2/j). List the prime factors of ((-270)/21)/((q + -2)/(-21)).
2, 3, 5
Suppose 435 - 1719 = 2*n - 5*f, n + 5*f + 627 = 0. Let s = -200 - n. List the prime factors of s.
19, 23
Let v(f) = 28*f + 1033. List the prime factors of v(44).
3, 5, 151
Suppose -10*b = 34 + 256. Let p = b - -24. Let h(g) = 5*g**2 + 2*g + 15. List the prime factors of h(p).
2, 5, 13
What are the prime factors of 4445400/84 + 42/(-98)?
11, 17, 283
Let h = -3207 - -5274. Suppose 4*j - h - 341 = 2*n, 1784 = 3*j + 4*n. List the prime factors of j.
2, 3, 5
What are the prime factors of (-4 - -6 - (8 + -12)) + 2 + 13315?
3, 4441
Suppose -174 = n - 180. What are the prime factors of (-1)/6 - ((-559)/n - -7)?
2, 43
Suppose -23608 = 105*n - 108*n + l, -7888 = -n + 3*l. List the prime factors of n.
7867
Suppose g = -6*g + 6594. Let l = g - 435. What are the prime factors of l?
3, 13
Let q(i) = 2*i**3 - i + 2. Let b be q(-5). Suppose 0 = -3*c - d + 1029, 2*d + 986 = 5*c - 729. Let r = b + c. List the prime factors of r.
2, 5
Let c be 18 + -72 + 3*2/(-3). List the prime factors of (c/(-5))/((-20)/(-950)).
2, 7, 19
Let o be 30*(89/2 - -3). Let y = 2481 - o. List the prime factors of y.
2, 3, 11
Suppose 258*r - 3956351 = 61*r. What are the prime factors of r?
7, 19, 151
Let h be (14/42)/(2/(-6)). List the prime factors of h/(9/(-18)) + (-169)/(-1).
3, 19
Let w(b) = -b**2 + 10*b - 1. Let v be w(7). Let d(x) = x**2 - 4. Let z be d(-3). Suppose -z*h = 3*m - 250, 0*h + 4*h = v. What are the prime factors of m?
3, 5
Suppose 308 = 4*v + 300. Suppose v*d - 1224 = 1134. What are the prime factors of d?
3, 131
Suppose 0 = -3*h + 2*i + 2*i + 182, 5*h = -3*i + 255. Suppose -36*s - 4356 = -h*s. What are the prime factors of s?
2, 11
Let f = 43594 + -35638. What are the prime factors of f?
2, 3, 13, 17
Suppose -o - 1389 = -73. Let j = o + 2186. List the prime factors of j.
2, 3, 5, 29
Suppose 11*c - c - 50*c + 774560 = 0. List the prime factors of c.
2, 47, 103
Suppose 6*d + 438507 = 16*d + 128087. List the prime factors of d.
2, 11, 17, 83
Suppose 3*b + 12029 = i, 12*i - i + b = 132489. List the prime factors of i.
2, 3011
Let x(y) be the third derivative of -11*y**4/4 - 2*y**3 + 39*y**2. What are the prime factors of x(-9)?
2, 3, 97
Let h be 1/(-6)*-3*(8 + 2). Suppose -r + 5 = h*i + r, -2*i - r = -1. Let c(t) = 39*t + 17. What are the prime factors of c(i)?
2, 67
Let d(i) = 14*i**2 - 160*i + 56. Let m be d(24). What are the prime factors of (1 - -1)/((-47075)/m + 11)?
2, 107
Let t(q) = q**3 - 9*q**2 + 15*q - 8. Let y be t(7). List the prime factors of -2 + (-7355)/(-25) - y/(-5).
2, 73
Let k(i) = -231*i + 5479. List the prime factors of k(-72).
22111
Suppose -40*a - 37809 = -295489. Suppose 6*t + 2458 = a. List the prime factors of t.
2, 83
Suppose 2*p + 3*x = 27, 3*p = 5*x - 5 + 17. Let q be (-2)/(-6) + 645/p. List the prime factors of (-159)/(-4) + 18/q.
2, 5
Let i(s) = 2*s**2 + 7*s + 11. Suppose 0 = -3*n + 8 + 19. Let v be n/(-2)*(-5 - (-1 - 2)). List the prime factors of i(v).
2, 59
Let i = -297 + 473. Suppose 3*t + 117 + 59 = 2*c, 0 = 2*c + 3*t - i. What are the prime factors of c?
2, 11
Suppose 91*n + 276441 - 4519901 = -4*n. List the prime factors of n.
2, 13, 859
Let q be 216/5 + (-46)/230. Suppose i + 30 = -0. Let p = q - i. List the prime factors of p.
73
Suppose 9046 = 4*o - 2*d, -1651 = -2*o + 3*d + 2874. List the prime factors of o.
7, 17, 19
Let t(m) = -m**3 - 74*m**2 - 467*m - 163. What are the prime factors of t(-68)?
3, 1283
Suppose 37*u - 161003 = 258904 + 34490. List the prime factors of u.
12281
Suppose -4*w = 2*w + 60. Let p be (4/w)/((-5)/(-25)) - -7. Suppose -p*f + 110 = -160. List the prime factors of f.
2, 3
Let f(q) = q**3 - 18*q**2 + 2*q - 36. Let g be f(18). Suppose g = -3*c - 6, 20*u + 3*c = 15*u + 7254. List the prime factors of u.
2, 3, 11
Let d = 3516 - 1611. What are the prime factors of d?
3, 5, 127
Let g(l) = -114*l + 2055. Let n be g(18). Suppose 0 = 4*i - 1 - 7. Suppose -3*p - 285 = -n*u + p, 0 = -i*p + 6. What are the prime factors of u?
3, 11
Let z(x) = -16*x + 6. Let c be z(-3). Suppose 0 = -4*n + 13*n - c. Suppose -n*r + 490 = r. List the prime factors of r.
2, 5, 7
What are the prime factors of (-12)/(-24) + (-73962)/(-12) + -2?
2, 3, 13, 79
Suppose -12294 + 3929 = -5*z. What are the prime factors of z?
7, 239
Let t(f) = -f**3 + 8*f**2 + 5*f - 5. Let x be t(4). Let a = 63 - -122. Let h = a - x. What are the prime factors of h?
2, 53
Let n(u) = -7*u - 172 + 237 + 17*u. List the prime factors of n(11).
5, 7
Suppose 0 = -3*s + 2*y - y + 5, 4*y = -2*s + 8. Let x be ((6 - 4) + -3)*(s - 2). Suppose w + c - 136 = x, -199 - 98 = -2*w + 3*c. List the prime factors of w.
3, 47
Let x be (-7 + 0)*-1*1. Let y(c) = 2*c**3 - 7*c**2 - 6*c - 11. Let w be y(x). Let a = -147 + w. What are the prime factors of a?
11, 13
Let b be (1 - -2) + 4434/6. Suppose b = -2*h + 4*h. List the prime factors of (-4)/(-16) - h/(-4).
3, 31
Let c = -67 - 29. Let d = 210 + c. Suppose -5*t + 161 + d = 0. List the prime factors of t.
5, 11
What are the prime factors of (1736/42 + -12)*(1397/2 - -2)?
2, 11, 467
Let c(r) = 180*r + 3485. List the prime factors of c(18).
5, 269
Let s = 372 - 365. Let k(w) = 3*w**2 - 24*w + 95. What are the prime factors of k(s)?
2, 37
Let j = 1412 - 149. Let q = 88 - 86. Suppose 0 = -5*c + 3*v + j, -q*v - 3*v = -2*c + 509. What are the prime factors of c?
2, 3, 7
Suppose -75*i + 54*i + 9744 = 0. List the prime factors of i.
2, 29
Let g be (5 + (-35)/5)/((-2)/4). Suppose g*c = 9 - 5. What are the prime factors of (-2 + 3)*c/(4/324)?
3
Let m(t) be the third derivative of t**5/60 + t**4/24 + 18*t**2. Let v(q) = -13*q**2 + 7*q + 2. Let o(i) = 2*m(i) - v(i). List the prime factors of o(3).
2, 59
Suppose -545 - 322 = -3*w. Suppose -5*p + f + 1445 = 0, w = p - 15*f + 14*f. What are the prime factors of p?
17
What are the prime factors of (-22931 + -4 + -6)*(215/45 - 5)?
2, 2549
Suppose -173 = 3*o + 2*k, -o = o + 2*k + 114. Let a = o - -53. List the prime factors of (a/15)/(1/(-150)).
2, 3, 5
Let f(n) = n**2 - 2*n + 5. Let z be f(2). Suppose 6*t - r = 3*t + 1161, -z*r = 0. What are the prime factors of t?
3, 43
Suppose 0 = 2*a - y, -5*y + 14 = -4*a + 2. Suppose -a = c + c. List the prime factors of c + ((1 - 79)/(-1) - 0).
7, 11
Let s = 140 - 140. Suppose s*o + 1726 = 5*q + 4*o, 350 = q - 4*o. List the prime factors of q.
2, 173
Suppose 42855 + 65883 + 113634 = 18*d. List the prime factors of d.
2, 3, 29, 71
Let p = -5 - 51. Let z be (-3)/(-2) + (-4)/(p/(-21)). Suppose 5*x - 489 - 96 = z. List the prime factors of x.
3, 13
Let o = -65 - -117. Let y = o - 46. What are the prime factors of (0 - -125 - 2) + y/3?
5
Let t(b) = -b**2 + 3*b + 11. Let l be t(5). List the prime factors of 6/5*415 + l.
499
Suppose -296 = -5*p + p. Let g(y) = 6*y**2 + 4*y - 26. Let o be g(-6). Let n = o - p. List the prime factors of n.
2, 23
What are the prime factors of (-9)/(36/14) - 77787/(-6)?
13, 997
Suppose -3*d + 1717 = -2*c - 3698, 5415 = 3*d + 2*c. Suppose 625 = 5*z - d. Suppose -2*q + z = 2*a, 2*a - 17 = -7. List the prime factors of q.
2, 7, 17
Let k(o) = -8*o + 8. Let r be ((-12)/36)/(1/(-6)). Let a be k(r). What are the prime factors of 151/7 + a/14?
3, 7
Suppose -24596 - 29315 = -11*m. List the prime factors of m.
13, 29
Let h = 70229 + -48666. What are the prime factors of h?
21563
Let m be (276/(-18))/(3 + (-14)/6). Let x = 227 + m. List the prime factors of x.
2, 3, 17
Let t = 481 - 490. Let u(p) = -p**2 - 172*p - 1. What are the prime factors of u(t)?
2, 733
Let y = 302 + -312. Let j(i) = 4*i**2 + 9*i + 69. What are the prime factors of j(y)?
379
Suppose 26*x + 3*c = 22*x + 25007, -5*x + c + 31254 = 0. List the prime factors of x.
7, 19, 47
Let a be 87/(-27) - 6/(-27). Let t be -2 - a/2 - 1977/(-6). Suppose u + t = -p + 5*p, 4*u = 5*p - 403. What are the prime factors of p?
83
Suppose 402*o = 401*o - 355. Let q = o - -760. List the prime factors of q.
3, 5
Suppose -4*w + c + 55 = 0, 18*c - 16*c - 10 = 0. Let r = 6 - 13. Let y = r + w. What are the prime factors of y?
2
Suppose 16*o = 18*o + 6066. What are the prime factors of (28/42)/((-6072)/o + -2)?
337
List the prime factors of ((-16)/32)/(-6 - (-66646)/11108).
2777
What are the prime factors of 